238 divide 297976?
True
Is 1220508 a multiple of 60?
False
Is 401443 a multiple of 118?
False
Is 45 a factor of 522315?
True
Is 1177 a factor of 4421617?
False
Is 6838158 a multiple of 12?
False
Does 913 divide 2884167?
True
Does 59 divide 516297?
False
Is 2466025 a multiple of 25?
True
Is 5248913 a multiple of 310?
False
Is 4239824 a multiple of 386?
True
Is 367560 a multiple of 6?
True
Is 4028382 a multiple of 326?
True
Does 359 divide 161550?
True
Does 20 divide 30620?
True
Is 2 a factor of 21129?
False
Is 247 a factor of 403715?
False
Is 1819425 a multiple of 270?
False
Is 218370 a multiple of 290?
True
Is 457429 a multiple of 14?
False
Is 437 a factor of 4638321?
False
Does 541 divide 7931060?
True
Does 653 divide 6270106?
True
Is 6966 a multiple of 54?
True
Is 55 a factor of 50985?
True
Is 35 a factor of 224002?
False
Does 57 divide 43531?
False
Is 1654588 a multiple of 611?
True
Does 18 divide 163278?
True
Does 128 divide 232292?
False
Is 1505 a factor of 13305705?
True
Is 3700104 a multiple of 104?
False
Does 379 divide 219820?
True
Does 290 divide 825340?
True
Is 89133 a multiple of 111?
True
Does 23 divide 749084?
False
Is 2945484 even?
True
Is 502010 a multiple of 22?
False
Does 338 divide 2402504?
True
Is 17 a factor of 875682?
False
Is 147 a factor of 12318631?
False
Does 759 divide 1009470?
True
Is 341653 a multiple of 37?
False
Is 8 a factor of 202976?
True
Is 63 a factor of 1056951?
True
Is 27 a factor of 303804?
True
Does 4 divide 10095?
False
Is 10 a factor of 83040?
True
Is 64 a factor of 45776?
False
Does 4 divide 717540?
True
Is 3520506 a multiple of 82?
True
Is 6300809 a multiple of 359?
True
Is 29744 a multiple of 4?
True
Is 441616 a multiple of 5?
False
Is 9 a factor of 2362149?
True
Is 12 a factor of 7290?
False
Is 15392610 a multiple of 5?
True
Is 9 a factor of 8045132?
False
Is 10345344 a multiple of 128?
True
Does 17 divide 362368?
False
Is 8855866 a multiple of 1962?
False
Does 1204 divide 6853168?
True
Is 224515 a multiple of 217?
False
Does 4 divide 38067?
False
Is 221978 a multiple of 144?
False
Does 22 divide 1808862?
True
Is 356820 a multiple of 76?
True
Does 301 divide 127379?
False
Is 149734 a multiple of 56?
False
Is 353736 a multiple of 33?
False
Does 362 divide 1247902?
False
Does 8 divide 6690677?
False
Does 177 divide 26196?
True
Is 341544 a multiple of 399?
True
Is 18 a factor of 111006?
True
Is 29 a factor of 92481?
True
Does 83 divide 99997?
False
Is 179 a factor of 15562260?
True
Is 496 a multiple of 3?
False
Is 58495 a multiple of 17?
False
Is 1702988 a multiple of 44?
False
Is 1673 a factor of 6397577?
False
Does 570 divide 781310?
False
Does 12 divide 259831?
False
Does 248 divide 333312?
True
Does 14 divide 1555330?
True
Does 232 divide 137112?
True
Does 33 divide 2937?
True
Is 300 a factor of 37800?
True
Is 816346 a multiple of 47?
False
Does 3 divide 17517?
True
Is 252077 a multiple of 138?
False
Does 117 divide 1224990?
True
Is 450742 a multiple of 162?
False
Is 416687 a multiple of 17?
True
Is 29 a factor of 4334?
False
Does 17 divide 799735?
False
Is 88168 a multiple of 90?
False
Is 485475 a multiple of 9?
False
Is 13 a factor of 298727?
True
Is 1986780 a multiple of 20?
True
Is 3 a factor of 4325?
False
Is 1665354 a multiple of 563?
True
Is 461300 a multiple of 125?
False
Does 1157 divide 18290623?
False
Is 212219 a multiple of 71?
True
Does 3 divide 738784?
False
Is 22 a factor of 172948?
False
Does 7 divide 68822?
False
Is 1765613 a multiple of 199?
False
Is 4723 a multiple of 8?
False
Does 5 divide 284726?
False
Does 46 divide 3294286?
False
Does 4 divide 446353?
False
Does 84 divide 673495?
False
Is 58660 a multiple of 14?
True
Is 5229 a multiple of 83?
True
Does 188 divide 203228?
True
Does 341 divide 1118821?
True
Does 5 divide 56228?
False
Is 9 a factor of 2910492?
True
Does 485 divide 1067970?
True
Does 23 divide 83605?
True
Does 44 divide 112816?
True
Is 6 a factor of 681912?
True
Does 2 divide 269332?
True
Is 6 a factor of 52170?
True
Is 11255414 a multiple of 693?
False
Is 218860 a multiple of 155?
True
Does 24 divide 4036898?
False
Is 29 a factor of 8709352?
False
Is 189178 a multiple of 22?
True
Is 740822 a multiple of 177?
False
Does 8 divide 2080?
True
Is 897845 a multiple of 13?
True
Does 20 divide 398648?
False
Does 8 divide 81338?
False
Is 14 a factor of 165260?
False
Is 896 a factor of 6517504?
True
Does 66 divide 1488808?
False
Is 597331 a multiple of 4?
False
Is 7911680 a multiple of 160?
True
Is 177 a factor of 766768?
False
Does 18 divide 6102?
True
Is 7 a factor of 81389?
True
Is 5 a factor of 3558425?
True
Is 510 a factor of 3613350?
True
Is 79527 a multiple of 49?
True
Is 4 a factor of 1606684?
True
Is 3 a factor of 77599?
False
Is 35 a factor of 2067025?
False
Is 28 a factor of 55132?
True
Is 1401912 a multiple of 5?
False
Does 2 divide 659?
False
Does 11 divide 41591?
True
Is 1967403 a multiple of 103?
True
Is 146397 a multiple of 11?
False
Is 168 a factor of 3879212?
False
Is 94 a factor of 22936?
True
Is 396 a factor of 4038408?
True
Does 20 divide 4200760?
True
Does 193 divide 257462?
True
Does 50 divide 4315888?
False
Is 319958 a multiple of 759?
False
Is 21 a factor of 1903995?
False
Does 16 divide 13280?
True
Does 552 divide 20022144?
True
Is 30606500 a multiple of 100?
True
Does 5 divide 720410?
True
Is 256 a factor of 3755520?
True
Is 399 a factor of 496338?
False
Is 39 a factor of 10967?
False
Does 15 divide 110671?
False
Does 13 divide 70447?
True
Does 11 divide 1066842?
False
Is 137 a factor of 3313457?
False
Is 1072673 a multiple of 12?
False
Is 162 a factor of 9677602?
False
Does 880 divide 1965933?
False
Does 1466 divide 11207570?
True
Does 61 divide 55571?
True
Is 19 a factor of 2383427?
False
Is 37 a factor of 395001?
False
Is 58936 a multiple of 106?
True
Does 178 divide 182382?
False
Does 11 divide 4214760?
True
Does 112 divide 19152?
True
Is 712 a factor of 475837?
False
Is 81 a factor of 27047?
False
Does 17 divide 417486?
True
Is 160913 a multiple of 73?
False
Is 49 a factor of 2289672?
True
Is 69 a factor of 181137?
False
Is 22 a factor of 377058?
True
Is 810512 a multiple of 7?
False
Does 16 divide 3457584?
True
Does 10 divide 51300?
True
Is 598500 a multiple of 57?
True
Is 348 a factor of 473724?
False
Does 569 divide 12590832?
True
Is 1990 a factor of 11814630?
True
Is 304 a factor of 904704?
True
Does 21 divide 64200?
False
Is 24939 a multiple of 19?
False
Does 809 divide 4129797?
False
Is 13 a factor of 207337?
True
Is 31680 a multiple of 55?
True
Is 1571502 a multiple of 33?
False
Does 13 divide 241607?
False
Is 124065 a multiple of 3?
True
Is 524622 a multiple of 13?
False
Is 554949 a multiple of 632?
False
Is 13361670 a multiple of 42?
True
Is 631 a factor of 13882?
True
Is 153654 a multiple of 2?
True
Does 26 divide 146276?
True
Is 8 a factor of 28798?
False
Does 2 divide 26533?
False
Is 223 a factor of 9589?
True
Does 227 divide 540260?
True
Is 73 a factor of 20294?
True
Does 53 divide 20246?
True
Is 69 a factor of 345972?
False
Does 27 divide 497084?
False
Is 28121 a multiple of 21?
False
Is 1043 a factor of 1705305?
True
Is 33 a factor of 148023?
False
Is 1953 a factor of 5754718?
False
Does 4 divide 29246?
False
Does 20 divide 5969962?
False
Is 4 a factor of 71704?
True
Is 20 a factor of 71794?
False
Is 50 a factor of 28515000?
True
Does 13 divide 752123?
False
Is 294335 a multiple of 40?
False
Is 1586299 a multiple of 143?
True
Is 167 a factor of 338468?
False
Is 99 a factor of 36333?
True
Is 62 a factor of 1660262?
False
Is 160 a factor of 39040?
True
Is 2107777 a multiple of 71?
True
Is 15514076 a multiple of 1897?
False
Is 93868 a multiple of 124?
True
Does 339 divide 141237?
False
Is 235783 a multiple of 5?
False
Is 31033 a multiple of 19?
False
Is 337 a factor of 701882?
False
Does 387 divide 198664?
False
Does 478 divide 11130084?
False
Is 17918 a multiple of 348?
False
Does 5 divide 101100?
True
Is 1029120 a multiple of 48?
True
Is 230818 a multiple of 14?
True
Does 17 divide 4244428?
False
Is 3771487 a multiple of 42?
False
Is 17 a factor of 42993?
True
Does 52 divide 7443800?
True
Is 86520 a multiple of 15?
True
Is 167 a factor of 26699193?
False
Is 12 a factor of 376721?
False
Is 67154 a multiple of 52?
False
Do